tens digit of z(3)?
2
Let s(p) = -6*p + 11. What is the units digit of s(-5)?
1
Suppose 2*g + o = 1 + 14, 21 = 4*g - o. Let u = -5 + g. What is the units digit of u?
1
Let c(f) = -f**2 + f + 92. What is the units digit of c(0)?
2
Suppose -4*k - 31 = -99. Suppose 5*b - k - 43 = 0. What is the units digit of b?
2
Suppose -h - 13 + 6 = 0. Suppose -2*y + 2 = 8. Let r = y - h. What is the units digit of r?
4
Let t = 8 + -3. What is the units digit of t?
5
Suppose 5*o - 398 = 3*o. What is the hundreds digit of o?
1
Let k(x) = x - 1. Let l be k(3). Suppose 3*z - n - 2 = -4, -3*z + l = n. Suppose 8 = 2*d - z*d. What is the units digit of d?
4
Suppose 0 = -9*r - 4*r + 806. What is the units digit of r?
2
Let h = 53 - 13. What is the units digit of h?
0
Suppose 5*h = -3*g - 119, 4*g = -5*h + 3*g - 113. Let w = h + 32. What is the tens digit of w?
1
Let m(w) be the second derivative of -w**4/12 + 13*w**3/6 + 9*w**2/2 + w. Let n be m(10). Suppose -n = -2*q - 13. What is the tens digit of q?
1
Let a = -20 + 33. What is the tens digit of 2*1/(-2) + a?
1
Let n(t) = t**2 + 13*t + 28. What is the tens digit of n(-12)?
1
Let n = -3 + 3. Suppose -g - 2*y - 2 = n, y = -4*g - 3*y. Suppose 4*x + 36 = 4*r, g*r + 3*r + x = 75. What is the units digit of r?
4
What is the units digit of (-1 - -7)/(8 + -6)?
3
Let g(f) = -f**3 - 7*f**2 + 8*f + 6. Suppose p + p + 16 = 0. What is the units digit of g(p)?
6
Suppose i - 33 + 9 = 0. What is the tens digit of i?
2
Let w(q) = -q**2 + 4*q. Let n be w(4). Suppose n = -3*p + 2*p - 9. What is the units digit of ((-9)/(-3))/((-3)/p)?
9
Let j be 2*(-6)/(-8)*2. Let t = 5 - j. Suppose -4 = 2*d - 0*d, t*v + 2*d - 22 = 0. What is the units digit of v?
3
Let a(j) = j**3 + 12*j**2 + 10*j - 9. Let l be a(-11). Suppose 4*u + 5*b - 23 = 0, -l*b + 1 = u - 1. What is the units digit of u?
2
Let s = 219 + -73. What is the hundreds digit of s?
1
Let w be ((-24)/15)/((-4)/30). Suppose 0*f - 4*z = 2*f + 4, 3*z = 3*f - w. What is the units digit of (2 + -4)/f + 8?
7
Suppose -2*w - 59 = -157. What is the tens digit of w?
4
What is the units digit of (-1141)/(-42) - (-1)/(-6)?
7
Let i = 58 - 32. Let k = -26 + 9. Let n = k + i. What is the units digit of n?
9
Let y(z) = -z**2 - 10*z. Let i be y(-10). Suppose 4*d - 78 - 26 = i. What is the units digit of d?
6
Let f be 673/6 - (-3)/(-18). Let a = -43 + f. Suppose 9*b - 4*b - a = -4*x, 0 = -3*b + 15. What is the units digit of x?
1
Let j be (-3)/(-2)*40/15. Let w = 2 - j. What is the units digit of 5/(-3)*12/w?
0
Let j be 30/9 - 4/(-6). Suppose -m = j*c - 14, c + m + 3 = 4*m. Suppose 0 = -5*p - c + 18. What is the units digit of p?
3
Let m = -1 + 33. What is the units digit of m?
2
Suppose 2*s - 34 = 38. What is the tens digit of s?
3
Let g be ((-5)/10)/(2/16). Let m = g + 8. Suppose -3*l - m + 7 = 0. What is the units digit of l?
1
Let p = 1 - -3. Let g(c) = c**2 - 2*c - 3. Let i be g(p). Suppose -i*n + 75 = 25. What is the units digit of n?
0
Let a(x) = -x**3 + 6*x**2 + 6*x + 7. Let m be a(7). Suppose -152 = -m*g - 4*g. What is the tens digit of g?
3
Let v be ((-2)/(-6))/((-4)/(-24)). Suppose y - 93 = -v*y. Let q = y - 19. What is the units digit of q?
2
Let a(x) = x**3 - 3*x**2 + 2. Let s(g) = g**3 - 4*g + 3. Let h be s(2). What is the units digit of a(h)?
2
Suppose 4*c = 5*c. Suppose 2*w - w + 17 = -5*v, c = -4*w + v + 37. What is the units digit of w?
8
Suppose y + 2*y + c = -124, 5*c - 154 = 3*y. Let h = -17 - y. What is the tens digit of h?
2
Let m(r) = -r**3 - 6*r**2 - 5*r - 4. Let u be m(-5). Let z = 4 + u. Suppose 5*s + 2 - 72 = z. What is the tens digit of s?
1
Let s(v) = -22*v + 14. Let d be s(-8). Suppose -5*n = -0*n - d. What is the tens digit of n?
3
Suppose 0 = 3*w + 4 - 25. Let d = w + -5. What is the units digit of d?
2
Let l be -1*(8 + -2)/(-2). Suppose j = l*j - 12. What is the units digit of j?
6
Let c(u) = -8*u**2 + 4*u - 1. Let m be c(1). Let s(a) = -3*a + 11. Let w(v) = 2*v - 10. Let p(n) = 5*s(n) + 6*w(n). What is the tens digit of p(m)?
1
Suppose -5*q + 18 = -467. What is the units digit of q?
7
Suppose 3*s - 574 = 56. What is the tens digit of s?
1
Suppose -7*g - 20 = -3*g. Let p be (-22)/4 + g/10. Let v = 15 + p. What is the units digit of v?
9
Let n(g) = -21*g - 7. What is the units digit of n(-6)?
9
Let s = 379 - 268. Suppose -4*v = -v - s. What is the units digit of v?
7
Let f = 8 + -5. Let k = f - 3. Suppose k = -w - 2*a - 2*a + 1, 5*w - 26 = a. What is the units digit of w?
5
Let i(k) = k. Let a be ((-1)/3)/(6/(-162)). What is the units digit of i(a)?
9
Suppose -3*w = -h - 2*w + 10, -2*h - 5*w = 15. What is the units digit of ((-4)/h)/(4/(-70))?
4
Let u(l) = -l - 37. Let v be u(0). Let w = v + 52. What is the tens digit of w?
1
Let c = 261 + -79. What is the tens digit of c?
8
Let r = -4 - -7. Suppose b = r*b - 8. Let n(o) = o - 3. What is the units digit of n(b)?
1
Suppose 2*k - 25 = 199. What is the units digit of k?
2
Let s(h) = h**2 - 5*h + 1. Let u be s(4). Let v = -2 - u. What is the units digit of v?
1
Let x be 5/10*8/1. Let r = x + -3. What is the units digit of r?
1
Let y be 3*(-4)/(-6) - -5. Let g(a) be the second derivative of -a**5/20 + a**4/2 + 3*a**3/2 - 9*a**2/2 + a. What is the units digit of g(y)?
5
Suppose -p = -l + 51, -4*l - p = -4*p - 204. Suppose 93 = 3*q - l. What is the units digit of q?
8
Let t = 168 + -103. What is the units digit of t?
5
Let n be 12/(-4) + -33 + 3. Let x = 54 + n. What is the tens digit of x?
2
Let c = -42 + 154. What is the tens digit of c?
1
Suppose 113 = 3*m + 2*m - 3*h, m - 45 = -5*h. What is the units digit of m?
5
Suppose -2*j + 3*h + 5 = 0, 3*j - 3*h - 9 = -3. What is the units digit of j/(-4) - 244/(-16)?
5
Let v(w) = w + 3. What is the tens digit of v(11)?
1
Let k(h) = -2*h - 6. Let g be k(-4). Suppose 2*z = -g*i + 36, -48 = -3*i - 2*z + z. What is the tens digit of i?
1
What is the units digit of (-26)/(-4) + (-18)/12?
5
Let o(w) = -w**3 + 6*w**2 + 2*w - 7. Suppose 12 = 2*v - 0*v. Suppose 3*d - v = 12. What is the units digit of o(d)?
5
Suppose 3*n - 187 = 104. What is the units digit of n?
7
Let i be 2*-4*(-2)/4. Suppose i*y = 3*y + 3*h + 49, -3*h + 136 = 4*y. What is the tens digit of y?
3
Let g(w) = -w**3 + w**2 + w + 1. Let x(m) = 7*m**3 + 7*m**2 + 6*m + 1. Let a(h) = 6*g(h) + x(h). What is the units digit of a(-12)?
7
Let z(h) = -2*h**3 - 13*h**2 - 14*h - 24. What is the hundreds digit of z(-8)?
2
Let l be -2 + (4 + -3 - 3). Let o = l - -15. What is the tens digit of o?
1
What is the units digit of ((-6)/4)/(3/(-472))?
6
Let j = 4 - 30. What is the units digit of j/(-3 + 3 - 2)?
3
Let q(f) = -34*f + 4. Let k be q(-2). Suppose -v + k = v. What is the units digit of v?
6
Suppose 5*h - 3*i = 401, -h + 97 = -0*h + 5*i. What is the units digit of h?
2
Suppose 110 = -z + 6*z + 2*o, 5*z + 3*o - 105 = 0. Suppose -4*k = -4*i - 2*k + 8, 8 = -2*k. Suppose i*n + 3*n = z. What is the units digit of n?
8
What is the units digit of 15/(-1)*(-3)/3?
5
What is the tens digit of (4*(-4)/(-16))/((-2)/(-134))?
6
Let r(w) = -w**2 + 5*w. Let m be r(3). Let u be (4 + 17)*(-5)/(-3). Suppose m*y - u = y. What is the units digit of y?
7
Suppose -5*s + 76 = 4*g, -4*g - 2*s + 11 = -65. What is the tens digit of g?
1
Let t = -61 - -114. What is the tens digit of t?
5
Let z(k) = 6*k**3 + k + 1. Let i be z(-1). Let l = i + 30. What is the tens digit of l?
2
Let k(m) = -m**2 + 6*m + 3. Let r be (24/(-14))/((-4)/14). Let y be k(r). What is the tens digit of 1/1*(15 + y)?
1
Let z(c) = -5*c - 6. Let o be z(-5). Let m = 3 + o. Let w = m + -13. What is the units digit of w?
9
Let n = -18 + 52. What is the units digit of n?
4
Suppose -6*p + 2*w = -p - 194, 0 = -2*p - w + 74. What is the units digit of p?
8
Let b = -3 + 1. Let i = -7 - -3. What is the units digit of (-15)/i - b/8?
4
Let p(h) = -h**3 + h**2 - h + 3. Let o be p(0). Let b(d) = -d**2 + 11*d + 13. Let c be b(12). Suppose -c - 17 = -o*k. What is the units digit of k?
6
Let j be (6/(-15))/((-2)/10). Suppose 0 = -j*c + 4*z - 22 - 10, 23 = -3*c + z. Let o = -3 - c. What is the units digit of o?
3
Let n(z) = 2*z**3 + 4*z**2 - 3. Let y be n(3). Let o be y/(-12) + (-2)/(-8). What is the units digit of o*(-2)/4*2?
7
Suppose 4*a - a = 66. What is the tens digit of a?
2
Let o(i) = 76*i + 4. What i